at is the tens digit of 663841?
4
What is the ten thousands digit of 2331360?
3
What is the thousands digit of 628840?
8
What is the tens digit of 8572021?
2
What is the ten thousands digit of 18968722?
6
What is the hundred thousands digit of 5224225?
2
What is the hundred thousands digit of 532864?
5
What is the units digit of 287774?
4
What is the ten thousands digit of 3629830?
2
What is the thousands digit of 225009?
5
What is the hundreds digit of 49260?
2
What is the units digit of 688515?
5
What is the thousands digit of 60958?
0
What is the hundreds digit of 622640?
6
What is the hundreds digit of 70617?
6
What is the millions digit of 1823445?
1
What is the ten thousands digit of 600800?
0
What is the tens digit of 2203209?
0
What is the tens digit of 116832?
3
What is the hundreds digit of 2035391?
3
What is the hundred thousands digit of 5312861?
3
What is the hundred thousands digit of 241396?
2
What is the thousands digit of 1590645?
0
What is the units digit of 38947?
7
What is the tens digit of 1461826?
2
What is the ten thousands digit of 15621944?
2
What is the units digit of 2540726?
6
What is the thousands digit of 340983?
0
What is the thousands digit of 4240855?
0
What is the hundred thousands digit of 1629064?
6
What is the millions digit of 1838155?
1
What is the hundred thousands digit of 3407672?
4
What is the hundred thousands digit of 207406?
2
What is the tens digit of 3464123?
2
What is the tens digit of 438942?
4
What is the millions digit of 1636634?
1
What is the hundreds digit of 104425?
4
What is the ten thousands digit of 34909196?
0
What is the hundred thousands digit of 178328?
1
What is the hundreds digit of 3727448?
4
What is the ten millions digit of 14136288?
1
What is the tens digit of 16764510?
1
What is the hundred thousands digit of 126226?
1
What is the thousands digit of 168858?
8
What is the tens digit of 331771?
7
What is the hundred thousands digit of 818570?
8
What is the thousands digit of 1362939?
2
What is the hundred thousands digit of 2223148?
2
What is the hundreds digit of 469360?
3
What is the tens digit of 860197?
9
What is the millions digit of 8233268?
8
What is the millions digit of 8583035?
8
What is the units digit of 64611?
1
What is the units digit of 896172?
2
What is the units digit of 753997?
7
What is the millions digit of 4068399?
4
What is the millions digit of 4590575?
4
What is the ten thousands digit of 27268814?
6
What is the hundreds digit of 5704158?
1
What is the ten thousands digit of 4333359?
3
What is the ten thousands digit of 2990338?
9
What is the tens digit of 473581?
8
What is the millions digit of 8556636?
8
What is the thousands digit of 363820?
3
What is the ten thousands digit of 54084?
5
What is the millions digit of 13279574?
3
What is the thousands digit of 3979051?
9
What is the ten thousands digit of 239658?
3
What is the tens digit of 2974106?
0
What is the tens digit of 242500?
0
What is the thousands digit of 107042?
7
What is the tens digit of 25944538?
3
What is the millions digit of 3730679?
3
What is the tens digit of 387900?
0
What is the hundreds digit of 523083?
0
What is the millions digit of 41867893?
1
What is the hundred thousands digit of 198580?
1
What is the units digit of 149579?
9
What is the ten thousands digit of 377244?
7
What is the units digit of 5159716?
6
What is the units digit of 620577?
7
What is the tens digit of 19736?
3
What is the units digit of 23862?
2
What is the thousands digit of 67825?
7
What is the units digit of 17503714?
4
What is the units digit of 3481810?
0
What is the thousands digit of 1916180?
6
What is the hundreds digit of 7472928?
9
What is the millions digit of 1118385?
1
What is the hundred thousands digit of 7221689?
2
What is the ten millions digit of 27336169?
2
What is the ten millions digit of 35554174?
3
What is the hundred thousands digit of 13669009?
6
What is the tens digit of 20999?
9
What is the hundreds digit of 307248?
2
What is the units digit of 4566140?
0
What is the hundreds digit of 76863?
8
What is the hundreds digit of 482739?
7
What is the hundreds digit of 213854?
8
What is the thousands digit of 522240?
2
What is the tens digit of 769890?
9
What is the hundreds digit of 985010?
0
What is the ten thousands digit of 4502225?
0
What is the ten thousands digit of 3530796?
3
What is the ten thousands digit of 24238?
2
What is the thousands digit of 895083?
5
What is the millions digit of 10537660?
0
What is the ten millions digit of 23355368?
2
What is the units digit of 1232357?
7
What is the millions digit of 9169893?
9
What is the tens digit of 574471?
7
What is the millions digit of 1226990?
1
What is the units digit of 919611?
1
What is the hundreds digit of 9829901?
9
What is the hundreds digit of 618084?
0
What is the millions digit of 1946420?
1
What is the units digit of 8379543?
3
What is the ten millions digit of 23165359?
2
What is the ten millions digit of 38084683?
3
What is the hundred thousands digit of 1874795?
8
What is the ten thousands digit of 8736345?
3
What is the thousands digit of 1127244?
7
What is the thousands digit of 59157?
9
What is the hundred thousands digit of 5209498?
2
What is the tens digit of 21404283?
8
What is the hundreds digit of 203089?
0
What is the hundreds digit of 3220914?
9
What is the thousands digit of 40706?
0
What is the thousands digit of 2587738?
7
What is the hundred thousands digit of 6076959?
0
What is the tens digit of 492626?
2
What is the tens digit of 18016633?
3
What is the hundreds digit of 4456348?
3
What is the ten thousands digit of 1230443?
3
What is the thousands digit of 359915?
9
What is the hundreds digit of 437093?
0
What is the hundred thousands digit of 147479?
1
What is the hundreds digit of 2922086?
0
What is the hundred thousands digit of 691655?
6
What is the hundreds digit of 422064?
0
What is the ten millions digit of 18377276?
1
What is the tens digit of 246727?
2
What is the hundreds digit of 6464861?
8
What is the hundreds digit of 983484?
4
What is the units digit of 89821?
1
What is the tens digit of 9509694?
9
What is the units digit of 2368?
8
What is the hundred thousands digit of 4495620?
4
What is the ten thousands digit of 18591?
1
What is the hundred thousands digit of 1317994?
3
What is the hundreds digit of 611813?
8
What is the ten thousands digit of 478680?
7
What is the tens digit of 135893?
9
What is the thousands digit of 9567272?
7
What is the thousands digit of 3601606?
1
What is the millions digit of 5000310?
5
What is the ten thousands digit of 41145?
4
What is the ten thousands digit of 160319?
6
What is the units digit of 264513?
3
What is the units digit of 4628534?
4
What is the hundred thousands digit of 1152833?
1
What is the tens digit of 2162474?
7
What is the ten thousands digit of 706137?
0
What is the ten thousands digit of 3798757?
9
What is the units digit of 74247?
7
What is the hundreds digit of 361826?
8
What is the ten thousands digit of 302828?
0
What is the thousands digit of 7709602?
9
What is the hundreds digit of 726503?
5
What is the units digit of 137409?
9
What is the thousands digit of 7941779?
1
What is the hundred thousands digit of 17988205?
9
What is the thousands digit of 4999752?
9
What is the units digit of 3022264?
4
What is the units digit of 11776822?
2
What is the tens digit of 24242074?
7
What is the thousands digit of 3788729?
8
What is the units digit of 1096761?
1
What is the ten thousands digit of 287711?
8
What is the tens digit of 2991564?
6
What is the hundreds digit of 6973800?
8
What is the hundreds digit of 2404452?
4
What is the units digit of 63940?
0
What is the units digit of 2407973?
3
What is the hundreds digit of 385439?
4
What is the thousands digit of 901756?
1
What is the tens digit of 75069?
6
What is the hundreds digit of 1301401?
4
What is the ten thousands digit of 458230?
5
What is the thousands digit of 259101?
9
What is the tens digit of 114688?
8
What is the millions digit of 12007281?
2
What is the units digit of 2885559?
9
What is the tens digit of 807051?
5
What is the tens digit of 304901?
0
What is the units digit of 196835?
5
What is the ten thousands digit of 9147500?
4
What is the thousands digit of